{"id":980,"date":"2022-01-16T09:32:16","date_gmt":"2022-01-16T09:32:16","guid":{"rendered":"https:\/\/talliwitherslake.net\/?post_type=product&#038;p=980"},"modified":"2022-10-20T05:44:12","modified_gmt":"2022-10-20T05:44:12","slug":"ratsastustunti-talli-witherslake-paritunti","status":"publish","type":"product","link":"https:\/\/talliwitherslake.net\/index.php\/product\/ratsastustunti-talli-witherslake-paritunti\/","title":{"rendered":"Ratsastustunti ryhm\u00e4 Talli Witherslake"},"content":{"rendered":"<p>Maksutapa sovituille opetustunneille. Olethan siis yhteydess\u00e4 Johannaan ennen t\u00e4m\u00e4n tuotteen ostoa!<\/p>\n","protected":false},"excerpt":{"rendered":"<p>Maksutapa sovituille opetustunneille. Olethan siis yhteydess\u00e4 Johannaan ennen t\u00e4m\u00e4n tuotteen ostoa!<\/p>\n","protected":false},"featured_media":119,"comment_status":"open","ping_status":"closed","template":"","meta":[],"product_cat":[33],"product_tag":[],"_links":{"self":[{"href":"https:\/\/talliwitherslake.net\/index.php\/wp-json\/wp\/v2\/product\/980"}],"collection":[{"href":"https:\/\/talliwitherslake.net\/index.php\/wp-json\/wp\/v2\/product"}],"about":[{"href":"https:\/\/talliwitherslake.net\/index.php\/wp-json\/wp\/v2\/types\/product"}],"replies":[{"embeddable":true,"href":"https:\/\/talliwitherslake.net\/index.php\/wp-json\/wp\/v2\/comments?post=980"}],"wp:featuredmedia":[{"embeddable":true,"href":"https:\/\/talliwitherslake.net\/index.php\/wp-json\/wp\/v2\/media\/119"}],"wp:attachment":[{"href":"https:\/\/talliwitherslake.net\/index.php\/wp-json\/wp\/v2\/media?parent=980"}],"wp:term":[{"taxonomy":"product_cat","embeddable":true,"href":"https:\/\/talliwitherslake.net\/index.php\/wp-json\/wp\/v2\/product_cat?post=980"},{"taxonomy":"product_tag","embeddable":true,"href":"https:\/\/talliwitherslake.net\/index.php\/wp-json\/wp\/v2\/product_tag?post=980"}],"curies":[{"name":"wp","href":"https:\/\/api.w.org\/{rel}","templated":true}]}}